= -2*k**2. Let h be x(1). Let m be (3 - -3) + h + 2. Suppose -m*z - 427 = -13*z. List the prime factors of z.
61
Let a(f) = -f**3 + 2*f**2 + 16*f. Let h be a(5). Suppose -5*s + 3*v = -14 - 16, -3*s = -2*v - 18. What are the prime factors of (26/s - h)*(-2 - 229)?
2, 7, 11
Suppose 40 = l - 18. Suppose -w + 58 + 34 = 4*z, -4*w = 4*z - 428. Let r = w - l. What are the prime factors of r?
2, 3
What are the prime factors of (9/(135/6))/(-10*9/(-1023075))?
4547
Let r = -3629 + 6650. What are the prime factors of r?
3, 19, 53
Let k(v) = 48*v**2 - 8*v + 33. What are the prime factors of k(8)?
3041
Suppose 0 = 2*n + 3*n, -3*r - 4*n + 32082 = -9*n. List the prime factors of r.
2, 5347
Suppose 5*b = -2*d + 47490, 10 = -29*b + 34*b. List the prime factors of d.
2, 5, 1187
Suppose -12*w - 27*w + 158535 = 0. List the prime factors of w.
3, 5, 271
What are the prime factors of (2302/(-10))/((-2)/130)?
13, 1151
Let d(r) = -r**2 - 9*r - 6. Let i be d(-6). Suppose 0 = 3*j + 5*q, -5*j + 0*q = 5*q. What are the prime factors of ((-153)/i)/(j + (-3)/8)?
2, 17
Let v be (30/(-25))/(1/5). Let u = -154 + 179. Let c = v + u. List the prime factors of c.
19
Suppose 9*v - 5*n - 19 = 11*v, 0 = v + 2*n + 7. Suppose 4*l + 4279 = 3*w, -v*w + 1901 + 2388 = -2*l. List the prime factors of w.
1433
Let t(p) = -31*p + 12. Let r(o) = 123*o - 51. Let f(n) = -5*r(n) - 21*t(n). What are the prime factors of f(35)?
3, 421
Let w(d) = 12*d**2 - 14 - 6*d - 23 - 4*d**2 - 20. What are the prime factors of w(7)?
293
Let p = 4694 - -8515. List the prime factors of p.
3, 7, 17, 37
Let n(m) = -101*m - 88. Let g be n(-4). Let o = g + 112. List the prime factors of o.
2, 107
Let c be 0/(5/((-30)/(-18))). Suppose c*y + 7*y - 77 = 0. What are the prime factors of y?
11
Let m = 68375 - 48299. List the prime factors of m.
2, 3, 7, 239
Suppose -3*n - 815*i + 818*i + 64950 = 0, -4*n = 5*i - 86582. What are the prime factors of n?
2, 3, 11, 41
Suppose -52*p - 77*p + 2360864 = 80*p. List the prime factors of p.
2, 353
Suppose l + x = -1261, -3*l - 4*x - 3515 = 264. Let d = l + 1932. List the prime factors of d.
23, 29
Let l(g) = -g**3 + 12*g**2 + 7*g - 13. Let y be l(12). Suppose -3*q = 25 + y. Let k = q - -40. What are the prime factors of k?
2
Suppose -2*k = -4, -6*p + 52585 = -k + 14919. What are the prime factors of p?
2, 43, 73
Suppose 0 = 329*s + 4080261 - 16390783. What are the prime factors of s?
2, 53, 353
Let l = -7127 + 15010. List the prime factors of l.
7883
Suppose 122*r = -5*m + 113*r + 208613, -4*m + 166805 = -5*r. What are the prime factors of m?
2, 5, 43, 97
Suppose -5*q - 31 = -2*b, -2*q - 21 = -2*b + q. Suppose 0 = -0*v + b*v - u + 9, 0 = -2*u + 6. What are the prime factors of v - (-5)/((-20)/(-212))?
3, 17
What are the prime factors of (-7 - (-3 - 2))*(-3 + 79282/(-4))?
41, 967
Let y(c) = -3*c + 54. Let q be y(21). Let p(j) = -j**3 - 9*j**2 + 11*j + 7. Let u be p(q). Let w = u + 138. List the prime factors of w.
2, 23
Suppose -3*s - d + 118 = 0, 5*s + 3*d - 28 = 170. Suppose 43 = -4*v + 2*m - s, -2*v - 3*m - 53 = 0. Let y = 21 - v. What are the prime factors of y?
43
Let h(s) = 2*s**2 + 8*s - 7. Let i(v) = -v**2 + v. Let n(f) = h(f) - 2*i(f). Let p = -10860 - -10866. What are the prime factors of n(p)?
173
Let y(z) = 4*z**2 - 46*z + 14. Let x be y(11). List the prime factors of (x/72)/1 - 10064/(-18).
13, 43
Suppose o - 6 = -4. Suppose o*t + 2 - 8 = 0. Let q = t - -24. List the prime factors of q.
3
Let j(c) = -35*c - 64. Let h = 10 - 18. What are the prime factors of j(h)?
2, 3
Let q(h) = 2*h**2 + 3*h. Let j be q(-2). Suppose 0*i - j*i = 128. List the prime factors of (6/(-8))/(14/(-56)) - i.
67
Suppose 759*h - 12054 = 738*h. What are the prime factors of h?
2, 7, 41
Suppose 4 = -4*g, -5*t + 4*g = -9719 - 70. What are the prime factors of t?
19, 103
Let l(p) = -691*p + 4453. List the prime factors of l(2).
37, 83
Let f(n) = -4*n + 12. Let v be f(-4). Suppose v*i = 29*i - 519. List the prime factors of i.
3, 173
Let h = 797 - 244. Let g = h + 205. What are the prime factors of g?
2, 379
Let j be 30/35*7 + 1. Suppose 4*n + 87 = j*n. List the prime factors of n.
29
Suppose 4*t = 2*k - 222, 0 = -4*t + 5*k - 10*k - 229. What are the prime factors of ((-24)/t)/1 - 1397/(-7)?
2, 5
Let m(t) = 24*t**3 - t**2 - 3*t + 5. Let x be m(2). Suppose -i + 230 + x = -5*j, 4*i = 8. Let p = j + 187. List the prime factors of p.
2, 13
Let t = -42 + 46. Suppose -t*o + o = 24. What are the prime factors of (-1)/(-2 - 14/o) + 44?
2, 3
Let x(d) = -14*d**2 - 10*d + 4. Let z be x(9). Let s = z + 2333. List the prime factors of s.
3, 7, 53
Let l(d) = d**2 + 15*d + 32. Suppose 4*a = -z - 9 + 48, -3*a - 6 = 0. Suppose 2*k - z = 4*q + 5*k, 15 = 5*k. List the prime factors of l(q).
2, 3
Suppose 386 = -6*x + 410. Suppose 5*p = 2*o - 2066, 8*o - 2048 = 6*o - x*p. What are the prime factors of o?
2, 257
Suppose 2*u = -9 + 15. Suppose -5*f = 2*i - u*f - 1400, -4*f = -2*i + 1394. What are the prime factors of i?
3, 233
Let h = -1104 - -2104. Let v = h - 79. What are the prime factors of v?
3, 307
Let v(u) be the third derivative of u**5/15 + 5*u**4/6 + 16*u**3 + 4*u**2 - 9. What are the prime factors of v(-13)?
2
List the prime factors of (-50)/((-400)/(-407604))*2/(-3).
33967
Suppose -214*m = -217*m + 2*q + 93305, -17*q = 2*m - 62295. List the prime factors of m.
5, 6221
Let l(u) = -2*u**2 - 31*u - 50. Let y be l(-13). What are the prime factors of 2631/y + 15/25 + -4?
2, 43
Let i(v) = 233*v + 3237. What are the prime factors of i(32)?
17, 37
Suppose -24*z = -408729 - 135351. List the prime factors of z.
2, 5, 2267
Let p(b) = 5*b - 30. Let s be p(7). Let o be (12/(-5))/(1/(s + 0)). List the prime factors of (o/(-18))/((-4)/(-558)).
3, 31
Let n = 165 - 161. What are the prime factors of 342/n*(-32)/(-24)?
2, 3, 19
Suppose -f - 666 = -3*q, -2*f - 222 = -q - 4*f. Suppose -2*i = 4*k - q, 4*i - 3*k - 433 = -11. List the prime factors of i.
107
Let u be (154/(-49) + 4)*(-14)/(-4). Suppose u*w - 5184 = -4*l, -1520 = -2*l - 4*w + 1062. What are the prime factors of l?
3, 433
Let n(c) = -54 - 27*c + 110 - 7*c**3 + 8*c**3 - 27*c**2. What are the prime factors of n(29)?
5, 191
Let h = -713 + 1441. Suppose 0 = -31*o + 27*o + h. List the prime factors of o.
2, 7, 13
Suppose 0 = 4*h + 4*x - 4408, -3*x + 8195 = 5*h + 2677. Let t = 2026 - h. Suppose t = 4*c - 5*g, -6*c + c + 1150 = -g. List the prime factors of c.
2, 5, 23
Suppose -8*d + 41415 = 8671. List the prime factors of d.
4093
Suppose 2544*m - 315294 = 2530*m. What are the prime factors of m?
3, 7507
Let w(s) be the first derivative of s**5/20 + 2*s**4/3 + s**3/2 - 4*s**2 - 2*s + 7. Let d(l) be the first derivative of w(l). List the prime factors of d(-5).
2, 13
Let u be 4/((-4)/5999) + (-1)/1. Let s = u + 2885. List the prime factors of s/(-28) + 2/(-8).
3, 37
Let t be 8/(-16)*8 + 2956. List the prime factors of t*(-6)/48*-4.
2, 3, 41
Suppose 4*t + 5*l - 3*l - 12 = 0, 0 = -t - 2*l. Suppose t*r = 1031 + 1417. List the prime factors of r.
2, 3, 17
Suppose 2*k = 5*z + 3052, 0 = z - 3*k + 4*k + 609. Let i = z + 1030. What are the prime factors of i?
2, 3, 5, 7
Let n = -208 - -439. Let s = 137 - 8. Let t = n - s. What are the prime factors of t?
2, 3, 17
Suppose -16*s = -669532 + 71420. What are the prime factors of s?
2, 18691
Suppose -5*f + 5*w + 5295 = 0, -4*f - w + 469 + 3782 = 0. Let l = 457 + f. List the prime factors of l.
7, 31
Suppose 115*v - 1745134 = -111*v - 72960. List the prime factors of v.
7, 151
Let s be 6/10 + (-3852)/(-180). Suppose -877 - 531 = -s*h. What are the prime factors of h?
2
Let o = 848 + 1874. Suppose -1620 = -3*d + 2*x, -5*d - 5*x + x + o = 0. What are the prime factors of d?
2, 271
Let k(a) = 350*a**2 + 509*a - 2967. List the prime factors of k(6).
3, 4229
Suppose 0 = 13*k - 2 + 2. Suppose 5*v = 2*n + 25, k = -5*n - 4*v + 21 - 1. Suppose n = 2*x - 170 + 4. What are the prime factors of x?
83
Let x = 59 - 56. Suppose -x*g = -q + 103, 2*q - 238 = 2*g - 4*g. Suppose -5*m - 2*i = -575, -m + q = i + i. List the prime factors of m.
5, 23
Let h = 21 + -18. Suppose -162 = -3*p + f, 4*f = -h*p + 86 + 91. Let t = p + -37. What are the prime factors of t?
2, 3
Suppose 7*x - 3027 = 4*j + 12*x, -2*j - 3*x - 1515 = 0. Let h = 1124 + j. List the prime fact